{"id":606,"date":"2021-06-06T16:14:15","date_gmt":"2021-06-06T14:14:15","guid":{"rendered":"http:\/\/www.fgs-hoever.de\/cms-prod\/?page_id=606"},"modified":"2026-03-13T18:51:02","modified_gmt":"2026-03-13T17:51:02","slug":"unsere-projekte","status":"publish","type":"page","link":"http:\/\/www.fgs-hoever.de\/cms-prod\/unsere-projekte\/","title":{"rendered":"Unsere Projekte"},"content":{"rendered":"<div data-colibri-id=\"606-c1\" class=\"style-675 style-local-606-c1 position-relative\">\n  <!---->\n  <div data-colibri-component=\"section\" data-colibri-id=\"606-c6\" id=\"about\" class=\"h-section h-section-global-spacing d-flex align-items-lg-center align-items-md-center align-items-center style-680 style-local-606-c6 position-relative\">\n    <!---->\n    <!---->\n    <div class=\"h-section-grid-container h-section-boxed-container\">\n      <!---->\n      <div data-colibri-id=\"606-c7\" class=\"h-row-container gutters-row-lg-0 gutters-row-md-0 gutters-row-0 gutters-row-v-lg-0 gutters-row-v-md-0 gutters-row-v-0 style-681 style-local-606-c7 position-relative\">\n        <!---->\n        <div class=\"h-row justify-content-lg-center justify-content-md-center justify-content-center align-items-lg-stretch align-items-md-stretch align-items-stretch gutters-col-lg-0 gutters-col-md-0 gutters-col-0 gutters-col-v-lg-0 gutters-col-v-md-0 gutters-col-v-0\">\n          <!---->\n          <div class=\"h-column h-column-container d-flex h-col-lg-auto h-col-md-auto h-col-auto style-682-outer style-local-606-c8-outer\">\n            <div data-colibri-id=\"606-c8\" class=\"d-flex h-flex-basis h-column__inner h-px-lg-0 h-px-md-0 h-px-0 v-inner-lg-0 v-inner-md-0 v-inner-0 style-682 style-local-606-c8 position-relative\">\n              <!---->\n              <!---->\n              <div class=\"w-100 h-y-container h-column__content h-column__v-align flex-basis-100 align-self-lg-start align-self-md-start align-self-start\">\n                <!---->\n                <div data-colibri-id=\"606-c9\" class=\"h-global-transition-all h-heading style-683 style-local-606-c9 position-relative h-element\">\n                  <!---->\n                  <div class=\"h-heading__outer style-683 style-local-606-c9\">\n                    <!---->\n                    <!---->\n                    <h5 class=\"\">Unsere Projekte<\/h5>\n                  <\/div>\n                <\/div>\n                <div data-colibri-id=\"606-c10\" class=\"h-global-transition-all h-heading style-684 style-local-606-c10 position-relative h-element\">\n                  <!---->\n                  <div class=\"h-heading__outer style-684 style-local-606-c10\">\n                    <!---->\n                    <!---->\n                    <h2 class=\"\">Wir&nbsp;<em style=\"font-family: &quot;Playfair Display&quot;;\">f\u00f6rdern<\/em>&nbsp;und <em style=\"font-family: &quot;Playfair Display&quot;;\">gestalten<\/em>&nbsp;Schule<\/h2>\n                  <\/div>\n                <\/div>\n                <div data-colibri-id=\"606-c11\" class=\"h-text h-text-component style-685 style-local-606-c11 position-relative h-element\">\n                  <!---->\n                  <!---->\n                  <div class=\"\">\n                    <p><strong>mit zahlreichen gro\u00dfen und kleinen Projekten, die praktisch &amp; lebensnah sind. Von Schulplaner bis ADAC-Fahrradtraining, von Schulfest oder B\u00fccherei bis zum Weihnachtsbaum: Der F\u00f6rderverein ist \u00fcberall wirksam und kommt allen Kindern der Grundschule H\u00f6ver zugute.<\/strong><\/p>\n                    <p>Unsere Arbeit im \u00dcberblick:<\/p>\n                    <ul>\n                      <li>Seit diesem Schuljahr ist der Schulplaner f\u00fcr alle Sch\u00fcler*innen kostenfrei<\/li>\n                      <li>Wir organisieren die j\u00e4hrliche Fahrradpr\u00fcfung auf unserem eigenen ADAC Fahrradparcours<\/li>\n                      <li>In regelm\u00e4\u00dfigen Abst\u00e4nden statten wir die Schulb\u00fccherei aus<\/li>\n                      <li>Das Kollegium wird von uns mit p\u00e4dagogischen F\u00f6rder- und Fordermaterialien unterst\u00fctzt<\/li>\n                      <li>Das j\u00e4hrliche Schulfest w\u00e4re nicht m\u00f6glich, ohne das Mitwirken des F\u00f6rdervereins<\/li>\n                      <li>Bei jeder Einschulung organisieren wir das Elterncaf\u00e9 sowie ein Einschulungsgeschenk f\u00fcr jedes Kind<\/li>\n                      <li>In der Adventszeit erfreuen sich alle Sch\u00fcler*innen an einem festlich geschm\u00fcckten Weihnachtsbaum<\/li>\n                    <\/ul>\n                    <p>F\u00fcr 2026 zus\u00e4tzlich geplante F\u00f6rderungen: Die Unterst\u00fctzung der Abschlussveranstaltung der 4. Klasse, ein Erste-Hilfe-Kurs, die Anschaffung von KAPLA-Kisten f\u00fcr alle Klassen sowie eine Kostenbeteiligung\/nach M\u00f6glichkeit Kosten\u00fcbernahme\n                      des GOP-Wintervariet\u00e9s f\u00fcr alle Sch\u00fcler*innen.<\/p>\n                    <p>\n                      <br>\n                    <\/p>\n                  <\/div>\n                <\/div>\n              <\/div>\n            <\/div>\n          <\/div>\n          <div class=\"h-column h-column-container d-flex h-col-lg-auto h-col-md-auto h-col-auto style-686-outer style-local-606-c12-outer\">\n            <div data-colibri-id=\"606-c12\" class=\"d-flex h-flex-basis h-column__inner h-ui-empty-state-container h-px-lg-2 h-px-md-2 h-px-2 v-inner-lg-2 v-inner-md-2 v-inner-2 style-686 style-local-606-c12 position-relative\">\n              <!---->\n              <!---->\n              <div class=\"w-100 h-y-container h-column__content h-column__v-align flex-basis-100\">\n                <!---->\n              <\/div>\n            <\/div>\n          <\/div>\n        <\/div>\n      <\/div>\n    <\/div>\n  <\/div>\n<\/div>","protected":false},"excerpt":{"rendered":"<p>Unsere Projekte Wir&nbsp;f\u00f6rdern&nbsp;und gestalten&nbsp;Schule mit zahlreichen gro\u00dfen und kleinen Projekten, die praktisch &amp; lebensnah sind. Von Schulplaner bis ADAC-Fahrradtraining, von Schulfest oder B\u00fccherei bis zum Weihnachtsbaum: Der F\u00f6rderverein ist \u00fcberall [&hellip;]<\/p>\n","protected":false},"author":1,"featured_media":1192,"parent":0,"menu_order":0,"comment_status":"closed","ping_status":"closed","template":"page-templates\/full-width-page.php","meta":{"footnotes":""},"class_list":["post-606","page","type-page","status-publish","has-post-thumbnail","hentry"],"_links":{"self":[{"href":"http:\/\/www.fgs-hoever.de\/cms-prod\/wp-json\/wp\/v2\/pages\/606","targetHints":{"allow":["GET"]}}],"collection":[{"href":"http:\/\/www.fgs-hoever.de\/cms-prod\/wp-json\/wp\/v2\/pages"}],"about":[{"href":"http:\/\/www.fgs-hoever.de\/cms-prod\/wp-json\/wp\/v2\/types\/page"}],"author":[{"embeddable":true,"href":"http:\/\/www.fgs-hoever.de\/cms-prod\/wp-json\/wp\/v2\/users\/1"}],"replies":[{"embeddable":true,"href":"http:\/\/www.fgs-hoever.de\/cms-prod\/wp-json\/wp\/v2\/comments?post=606"}],"version-history":[{"count":8,"href":"http:\/\/www.fgs-hoever.de\/cms-prod\/wp-json\/wp\/v2\/pages\/606\/revisions"}],"predecessor-version":[{"id":1218,"href":"http:\/\/www.fgs-hoever.de\/cms-prod\/wp-json\/wp\/v2\/pages\/606\/revisions\/1218"}],"wp:featuredmedia":[{"embeddable":true,"href":"http:\/\/www.fgs-hoever.de\/cms-prod\/wp-json\/wp\/v2\/media\/1192"}],"wp:attachment":[{"href":"http:\/\/www.fgs-hoever.de\/cms-prod\/wp-json\/wp\/v2\/media?parent=606"}],"curies":[{"name":"wp","href":"https:\/\/api.w.org\/{rel}","templated":true}]}}